0?
4990
Convert 14112 (base 7) to base 11.
2973
1a526 (base 12) to base 4
21131232
Convert 23533 (base 6) to base 5.
102231
What is -31132 (base 4) in base 14?
-458
7471 (base 8) to base 11
2a23
What is 11342 (base 6) in base 7?
4541
What is -306 (base 15) in base 13?
-405
Convert -124b (base 12) to base 2.
-100000011011
-110100100 (base 2) to base 11
-352
1303121 (base 5) to base 10
25411
What is 12012 (base 4) in base 13?
240
Convert 1010111011110011 (base 2) to base 13.
17502
What is -87 (base 12) in base 8?
-147
-607 (base 9) to base 2
-111101101
Convert -3205 (base 6) to base 10.
-725
530002 (base 6) to base 11
2a152
Convert 1566 (base 11) to base 9.
2671
What is -4cde (base 15) in base 6?
-203545
125674 (base 8) to base 9
66268
What is 963 (base 10) in base 5?
12323
Convert 36 (base 8) to base 14.
22
What is -3121 (base 5) in base 13?
-258
What is -4d2 (base 15) in base 9?
-1448
Convert 4757 (base 10) to base 16.
1295
61a (base 14) to base 11
9a1
Convert 2110201 (base 3) to base 15.
801
Convert -311042 (base 5) to base 16.
-27a3
Convert -12001202 (base 3) to base 2.
-111001101100
Convert -1392 (base 12) to base 4.
-203132
23394 (base 10) to base 3
1012002110
Convert 4023 (base 6) to base 9.
1176
17a4 (base 11) to base 12
13b0
65524 (base 7) to base 11
11345
-422 (base 12) to base 9
-738
What is 1100200 (base 4) in base 5?
131102
What is 13724 (base 8) in base 2?
1011111010100
Convert -24844 (base 12) to base 7.
-264400
-21023212 (base 4) to base 15
-b221
Convert 441 (base 16) to base 13.
65a
What is -12344 (base 8) in base 6?
-40432
What is 83b2 (base 12) in base 8?
34066
-1010111010110101 (base 2) to base 3
-2021100111
What is 2db (base 15) in base 10?
656
What is -22f (base 16) in base 3?
-202201
What is 3c (base 15) in base 2?
111001
Convert 122121 (base 4) to base 15.
779
What is 1001100111010 (base 2) in base 10?
4922
What is 649 (base 11) in base 5?
11104
Convert 1434 (base 10) to base 13.
864
Convert -24c (base 15) to base 2.
-1000001010
What is -9c3 (base 14) in base 3?
-2122200
23031 (base 4) to base 13
432
What is 59 (base 12) in base 16?
45
What is -19a (base 15) in base 6?
-1414
Convert 1570 (base 8) to base 2.
1101111000
Convert -18 (base 16) to base 10.
-24
-20131110 (base 4) to base 5
-2102034
Convert -b02 (base 13) to base 14.
-96d
-1012311 (base 4) to base 14
-191b
What is -1335a (base 11) in base 15?
-59ac
172a (base 12) to base 5
42040
Convert 62 (base 10) to base 13.
4a
What is -5a4 (base 15) in base 13?
-775
Convert -16772 (base 8) to base 3.
-101112020
212333 (base 4) to base 10
2495
What is 12221122 (base 3) in base 2?
1000011110001
Convert 261d (base 14) to base 11.
5033
What is 679 (base 15) in base 7?
4161
3011 (base 5) to base 11
317
What is 23030 (base 4) in base 7?
2042
Convert 1110000110110001 (base 2) to base 7.
330306
Convert 1010001010 (base 2) to base 14.
346
Convert 288 (base 9) to base 6.
1042
What is 343 (base 7) in base 5?
1203
What is 101001010001 (base 2) in base 11?
1a91
What is -1834 (base 10) in base 14?
-950
What is -cd5 (base 14) in base 9?
-3431
Convert 94e (base 15) to base 7.
6056
1131 (base 13) to base 5
34111
Convert -17025 (base 11) to base 6.
-303013
What is -1432 (base 6) in base 16?
-17c
What is -3a (base 15) in base 16?
-37
Convert 1580 (base 11) to base 15.
8ee
Convert 2188 (base 9) to base 16.
653
Convert -50 (base 7) to base 6.
-55
-13220 (base 9) to base 16
-22e0
-170 (base 16) to base 7
-1034
What is 4208 (base 13) in base 2?
10001110101110
Convert -d1 (base 14) to base 15.
-c3
What is -522 (base 6) in base 8?
-302
Convert fb (base 16) to base 8.
373
611 (base 7) to base 10
302
What is -1b247 (base 12) in base 10?
-40087
Convert 2802 (base 11) to base 2.
111000110000
Convert -120a (base 11) to base 2.
-11000101111
Convert 21200 (base 3) to base 16.
cf
Convert -9a68 (base 11) to base 12.
-7813
-105212 (base 8) to base 6
-432110
What is -30300 (base 10) in base 2?
-111011001011100
Convert 82d (base 14) to base 6.
11241
What is 10100101010111 (base 2) in base 4?
2211113
What is -33221 (base 4) in base 3?
-1101002
24003 (base 5) to base 10
1753
What is -28 (base 11) in base 12?
-26
What is -261a (base 14) in base 10?
-6688
Convert -1323243 (base 5) to base 15.
-7d9d
What is -af34 (base 16) in base 5?
-2413402
Convert -111121 (base 3) to base 16.
-16f
Convert -16531 (base 7) to base 6.
-33514
468 (base 15) to base 4
33212
What is -228e (base 15) in base 6?
-53542
23367 (base 8) to base 2
10011011110111
What is -16 (base 12) in base 15?
-13
Convert 294 (base 11) to base 13.
207
What is 1885 (base 10) in base 6?
12421
Convert -4b4 (base 15) to base 3.
-1110121
Convert 54 (base 8) to base 3.
1122
Convert 1120222210 (base 3) to base 11.
21602
Convert 1097a (base 14) to base 13.
15451
Convert 4126 (base 8) to base 14.
ac6
What is -202 (base 6) in base 5?
-244
Convert 53120 (base 6) to base 4.
1300020
Convert -1010111011101 (base 2) to base 16.
-15dd
Convert -311 (base 15) to base 6.
-3111
10002010 (base 3) to base 7
6354
What is 74512 (base 9) in base 16?
c06b
-1a (base 15) to base 14
-1b
22877 (base 13) to base 2
1111010111110110
Convert 42 (base 16) to base 3.
2110
-33254 (base 6) to base 3
-20100221
What is 3c8 (base 13) in base 5?
10141
What is 6738 (base 10) in base 13?
30b4
What is 1147 (base 9) in base 2?
1101010101
What is 2333 (base 10) in base 13?
10a6
What is -150555 (base 7) in base 8?
-70651
What is 1a8a (base 13) in base 12?
2395
What is 348 (base 13) in base 15?
27c
-1634 (base 8) to base 9
-1236
What is -26211 (base 8) in base 12?
-6721
-9b8 (base 14) to base 9
-2570
What is -4630 (base 10) in base 9?
-6314
What is 13216 (base 8) in base 12?
3412
Convert 37e (base 15) to base 13.
491
-33030 (base 4) to base 16
-3cc
What is -11010110011000 (base 2) in base 13?
-6325
What is -18a (base 11) in base 10?
-219
What is 110101101011101 (base 2) in base 13?
c683
What is -202001 (base 3) in base 4?
-20131
30 (base 10) to base 5
110
23122 (base 5) to base 2
11001111110
Convert 1be7 (base 15) to base 12.
3617
354 (base 6) to base 3
12021
Convert -20000222 (base 3) to base 16.
-1130
-5a5 (base 11) to base 2
-1011010000
b8 (base 14) to base 16
a2
Convert 682 (base 9) to base 6.
2332
-16757 (base 11) to base 2
-101101111110000
-8612 (base 14) to base 4
-11221220
What is -91a (base 14) in base 6?
-12140
What is 7b9 (base 14) in base 6?
11035
Convert 9042 (base 10) to base 9.
13356
Convert 1022111 (base 3) to base 2.
1110111110
Convert ac2 (base 16) to base 9.
3700
-13013032 (base 4) to base 9
-43861
152 (base 7) to base 13
68
Convert 21112120 (base 3) to base 5.
133441
-24413 (base 6) to base 12
-2109
What is 11202 (base 4) in base 2?
101100010
What is -556 (base 11) in base 2?
-1010011010
Convert 17432 (base 10) to base 7.
101552
What is 70414 (base 8) in base 10?
28940
What is -14312 (base 5) in base 6?
-5331
Convert 22126 (base 7) to base 16.
15b5
Convert -2b79 (base 15) to base 2.
-10010001111011
Convert 34646 (base 7) to base 16.
22c7
What is 438 (base 12) in base 6?
2512
What is 225 (base 9) in base 10?
185
What is 131350 (base 6) in base 4?
2323302
What is -3534 (base 6) in base 12?
-5aa
301445 (base 7) to base 16
c731
What is 2161 (base 8) in base 4?
101301
Convert -4022 (base 6) to base 11.
-729
2550 (base 12) to base 5
113421
What is -b4 (base 13) in base 8?
-223
What is 11232002 (base 4) in base 7?
125204
31 (base 15) to base 12
3a
What is -c0 (base 16) in base 10?
-192
461a (base 13) to base 6
113253
8928 (base 14) to base 9
35521
678a (base 12) to base 15
3607
-548 (base 11) to base 8
-1221
What is -8 (base 10) in base 15?
-8
What is 1111122002 (base 3) in base 16?
73b5
What is 12100 (base 3) in base 7?
264
What is 1735 (base 10) in base 7?
5026
What is 32200 (base 5) in base 14?
b15
Convert 2210020200 (base 3) to base 9.
83220
What is -112cb (base 16) in base 6?
-1301403
Convert 11105 (base 7) to base 6.
20542
Convert -14046 (base 7) to base 8.
-7337
8a6 (base 13) to base 4
113100
What is ead (base 16) in base 3?
12011011
-50452 (base 7) to base 13
-5755
Convert 7 (base 10) to base 7.
10
Convert -1001000100100110 (base 2) to base 6.
-444010
What is -2216 (base 8) in base 9?
-1535
What is -5214 (base 7) in base 2?
-11100100000
What is 2068 (base 14) in base 8?
12714
What